{"id":2,"date":"2026-03-11T03:14:37","date_gmt":"2026-03-11T02:14:37","guid":{"rendered":"https:\/\/flordelinfierno.cl\/?page_id=2"},"modified":"2026-04-09T00:00:33","modified_gmt":"2026-04-08T22:00:33","slug":"pagina-ejemplo","status":"publish","type":"page","link":"https:\/\/flordelinfierno.cl\/","title":{"rendered":"P\u00e1gina de inicio"},"content":{"rendered":"\n<div class=\"container section-title-container\" ><h3 class=\"section-title section-title-center\"><b aria-hidden=\"true\"><\/b><span class=\"section-title-main\" style=\"font-size:112%;color:rgb(0, 0, 0);\">Paranormal, Magia, Esoterismo &amp; Ocultismo<\/span><b aria-hidden=\"true\"><\/b><\/h3><\/div>\n\n\t<div class=\"img has-hover x md-x lg-x y md-y lg-y\" id=\"image_1439410130\">\n\t\t\t\t\t\t\t\t<div class=\"img-inner dark\" >\n\t\t\t<img loading=\"lazy\" decoding=\"async\" width=\"683\" height=\"1024\" src=\"https:\/\/flordelinfierno.cl\/wp-content\/uploads\/2026\/03\/WhatsApp-Image-2026-03-15-at-13.58.13-683x1024.jpeg\" class=\"attachment-large size-large\" alt=\"\" srcset=\"https:\/\/flordelinfierno.cl\/wp-content\/uploads\/2026\/03\/WhatsApp-Image-2026-03-15-at-13.58.13-683x1024.jpeg 683w, https:\/\/flordelinfierno.cl\/wp-content\/uploads\/2026\/03\/WhatsApp-Image-2026-03-15-at-13.58.13-200x300.jpeg 200w, https:\/\/flordelinfierno.cl\/wp-content\/uploads\/2026\/03\/WhatsApp-Image-2026-03-15-at-13.58.13-768x1152.jpeg 768w, https:\/\/flordelinfierno.cl\/wp-content\/uploads\/2026\/03\/WhatsApp-Image-2026-03-15-at-13.58.13.jpeg 1024w\" sizes=\"auto, (max-width: 683px) 100vw, 683px\" \/>\t\t\t\t\t\t\n\t\t\t\t\t<\/div>\n\t\t\t\t\t\t\t\t\n<style>\n#image_1439410130 {\n  width: 100%;\n}\n<\/style>\n\t<\/div>\n\t\n\n\n\n\n<p><\/p>\n\n\n\n<p class=\"alt-font\" style=\"text-align: center;\"><span style=\"font-size: 120%;\">Querida flor del para\u00edso:<\/span><\/p>\n<p style=\"text-align: center;\">Hay momentos en la vida en que algo dentro de nosotros comienza a despertar.<\/p>\n<p style=\"text-align: center;\">Una cosquilleo de inquietud, un impulso de b\u00fasqueda, un murmullo que acompa\u00f1a la cotidianidad; una curiosa sensaci\u00f3n de que la realidad es m\u00e1s profunda de lo que parece. Porque ahora se siente como si el mundo no pudiese ser solo esto, esta \u00abnormalidad\u00bb.<\/p>\n<p style=\"text-align: center;\">Este espacio nace desde esa b\u00fasqueda.<\/p>\n<p style=\"text-align: center;\">Aqu\u00ed exploramos la brujer\u00eda, el ocultismo y el camino espiritual no como una simple curiosidad pasajera ni como un bloque anexo a nuestro ser, sino como un proceso profundo de autoconocimiento y transformaci\u00f3n interior.<\/p>\n<p style=\"text-align: center;\">Porque el verdadero trabajo en estos caminos no comienza con rituales ni herramientas\u2026 comienza contigo. Con la valent\u00eda de mirar hacia dentro, de comprender tu mente, de enfrentar tus sombras y de transformar tus experiencias en sabidur\u00eda.<\/p>\n<p style=\"text-align: center;\">La brujer\u00eda, entendida como arte y conocimiento, es tambi\u00e9n una forma distinta de observar la vida. Una forma de reconocer los s\u00edmbolos, los procesos y las fuerzas que atraviesan nuestra experiencia humana. Esas fuerzas que muchos de nosotros, desde ni\u00f1os. hemos visto y sentido a nuestro lado\u2026 en completo silencio, porque al final del d\u00eda no pod\u00edamos ponerle nombre a lo desconocido.<\/p>\n<p style=\"text-align: center;\">Este blog es un espacio para reflexionar, aprender y explorar esos caminos.<\/p>\n<p style=\"text-align: center;\">No desde la idea de ser un maestro o un gur\u00fa, sino desde algo mucho m\u00e1s simple: caminar, comprender y compartir.<\/p>\n<p style=\"text-align: center;\">Si este camino, este espacio, resuena contigo, entonces quiz\u00e1s no est\u00e1s aqu\u00ed por casualidad. Tal vez est\u00e1s comenzando a mirar el mundo con otros ojos. Y a veces, todo empieza exactamente as\u00ed.<\/p>\n\t<div class=\"img has-hover x md-x lg-x y md-y lg-y\" id=\"image_1156340845\">\n\t\t\t\t\t\t\t\t<div class=\"img-inner dark\" >\n\t\t\t<img loading=\"lazy\" decoding=\"async\" width=\"1020\" height=\"510\" src=\"https:\/\/flordelinfierno.cl\/wp-content\/uploads\/2026\/03\/20260315_151922_0000-1024x512.png\" class=\"attachment-large size-large\" alt=\"\" srcset=\"https:\/\/flordelinfierno.cl\/wp-content\/uploads\/2026\/03\/20260315_151922_0000-1024x512.png 1024w, https:\/\/flordelinfierno.cl\/wp-content\/uploads\/2026\/03\/20260315_151922_0000-300x150.png 300w, https:\/\/flordelinfierno.cl\/wp-content\/uploads\/2026\/03\/20260315_151922_0000-768x384.png 768w, https:\/\/flordelinfierno.cl\/wp-content\/uploads\/2026\/03\/20260315_151922_0000-1536x768.png 1536w, https:\/\/flordelinfierno.cl\/wp-content\/uploads\/2026\/03\/20260315_151922_0000.png 2000w\" sizes=\"auto, (max-width: 1020px) 100vw, 1020px\" \/>\t\t\t\t\t\t\n\t\t\t\t\t<\/div>\n\t\t\t\t\t\t\t\t\n<style>\n#image_1156340845 {\n  width: 100%;\n}\n<\/style>\n\t<\/div>\n\t\n\n\n","protected":false},"excerpt":{"rendered":"","protected":false},"author":1,"featured_media":0,"parent":0,"menu_order":0,"comment_status":"closed","ping_status":"open","template":"","meta":{"footnotes":""},"class_list":["post-2","page","type-page","status-publish","hentry"],"_links":{"self":[{"href":"https:\/\/flordelinfierno.cl\/index.php\/wp-json\/wp\/v2\/pages\/2","targetHints":{"allow":["GET"]}}],"collection":[{"href":"https:\/\/flordelinfierno.cl\/index.php\/wp-json\/wp\/v2\/pages"}],"about":[{"href":"https:\/\/flordelinfierno.cl\/index.php\/wp-json\/wp\/v2\/types\/page"}],"author":[{"embeddable":true,"href":"https:\/\/flordelinfierno.cl\/index.php\/wp-json\/wp\/v2\/users\/1"}],"replies":[{"embeddable":true,"href":"https:\/\/flordelinfierno.cl\/index.php\/wp-json\/wp\/v2\/comments?post=2"}],"version-history":[{"count":20,"href":"https:\/\/flordelinfierno.cl\/index.php\/wp-json\/wp\/v2\/pages\/2\/revisions"}],"predecessor-version":[{"id":221,"href":"https:\/\/flordelinfierno.cl\/index.php\/wp-json\/wp\/v2\/pages\/2\/revisions\/221"}],"wp:attachment":[{"href":"https:\/\/flordelinfierno.cl\/index.php\/wp-json\/wp\/v2\/media?parent=2"}],"curies":[{"name":"wp","href":"https:\/\/api.w.org\/{rel}","templated":true}]}}